{"id":326,"date":"2025-07-12T11:07:01","date_gmt":"2025-07-12T14:07:01","guid":{"rendered":"https:\/\/www.ecotijuba.tur.br\/?post_type=product&#038;p=326"},"modified":"2025-08-25T09:12:15","modified_gmt":"2025-08-25T12:12:15","slug":"caneta-preta-ecotijuba","status":"publish","type":"product","link":"https:\/\/www.ecotijuba.tur.br\/index.php\/produto\/caneta-preta-ecotijuba\/","title":{"rendered":"Caneca preta Ecotijuba"},"content":{"rendered":"<p data-start=\"84\" data-end=\"396\"><strong data-start=\"84\" data-end=\"146\">Caneta Preta Ecotijuba \u2013 Simples, Elegante e com Prop\u00f3sito<\/strong><br data-start=\"146\" data-end=\"149\" \/>A caneta preta Ecotijuba \u00e9 o brinde ideal para quem valoriza estilo e sustentabilidade. Com escrita suave e design minimalista, ela carrega a ess\u00eancia da Ilha de Cotijuba em cada tra\u00e7o. Perfeita para usar no dia a dia ou presentear com identidade.<\/p>\n<p data-start=\"398\" data-end=\"516\">\ud83d\udd8a\ufe0f <strong data-start=\"402\" data-end=\"435\">Tinta preta de alta qualidade<\/strong><br data-start=\"435\" data-end=\"438\" \/>\ud83c\udf3f <strong data-start=\"441\" data-end=\"468\">Design leve e funcional<\/strong><br data-start=\"468\" data-end=\"471\" \/>\ud83c\udfdd\ufe0f <strong data-start=\"475\" data-end=\"516\">Marca Ecotijuba gravada com eleg\u00e2ncia<\/strong><\/p>\n","protected":false},"excerpt":{"rendered":"<p>Caneta Preta Ecotijuba \u2013 Simples, Elegante e com Prop\u00f3sitoA caneta preta Ecotijuba \u00e9 o brinde ideal para quem valoriza estilo e sustentabilidade. Com escrita suave e design minimalista, ela carrega a ess\u00eancia da Ilha de Cotijuba em cada tra\u00e7o. Perfeita para usar no dia a dia ou presentear com identidade. \ud83d\udd8a\ufe0f Tinta preta de alta [&hellip;]<\/p>\n","protected":false},"featured_media":409,"comment_status":"open","ping_status":"closed","template":"","meta":[],"product_brand":[],"product_cat":[25],"product_tag":[],"class_list":{"0":"post-326","1":"product","2":"type-product","3":"status-publish","4":"has-post-thumbnail","6":"product_cat-produtos-ecotijuba","8":"first","9":"instock","10":"sale","11":"taxable","12":"shipping-taxable","13":"purchasable","14":"product-type-simple"},"_links":{"self":[{"href":"https:\/\/www.ecotijuba.tur.br\/index.php\/wp-json\/wp\/v2\/product\/326","targetHints":{"allow":["GET"]}}],"collection":[{"href":"https:\/\/www.ecotijuba.tur.br\/index.php\/wp-json\/wp\/v2\/product"}],"about":[{"href":"https:\/\/www.ecotijuba.tur.br\/index.php\/wp-json\/wp\/v2\/types\/product"}],"replies":[{"embeddable":true,"href":"https:\/\/www.ecotijuba.tur.br\/index.php\/wp-json\/wp\/v2\/comments?post=326"}],"wp:featuredmedia":[{"embeddable":true,"href":"https:\/\/www.ecotijuba.tur.br\/index.php\/wp-json\/wp\/v2\/media\/409"}],"wp:attachment":[{"href":"https:\/\/www.ecotijuba.tur.br\/index.php\/wp-json\/wp\/v2\/media?parent=326"}],"wp:term":[{"taxonomy":"product_brand","embeddable":true,"href":"https:\/\/www.ecotijuba.tur.br\/index.php\/wp-json\/wp\/v2\/product_brand?post=326"},{"taxonomy":"product_cat","embeddable":true,"href":"https:\/\/www.ecotijuba.tur.br\/index.php\/wp-json\/wp\/v2\/product_cat?post=326"},{"taxonomy":"product_tag","embeddable":true,"href":"https:\/\/www.ecotijuba.tur.br\/index.php\/wp-json\/wp\/v2\/product_tag?post=326"}],"curies":[{"name":"wp","href":"https:\/\/api.w.org\/{rel}","templated":true}]}}